 + 5. What is the highest common divisor of 171 and x?
9
Let l(m) = -10*m - 15. Let j be l(-11). Suppose 2*y = -2*d + 112, -57*y - d - 286 = -62*y. What is the highest common factor of y and j?
19
Suppose 2*m - 5*m + 4*h - 211 = 0, -m - 2*h = 87. Let d = m + 324. Calculate the highest common factor of 19 and d.
19
Let m = -139 - -141. Suppose 5*n - 33 = m*n. Suppose 2*l - 242 = -0*l. Calculate the highest common divisor of l and n.
11
Let z(v) = -3*v + 7374*v**3 - 9*v + 17*v**2 - 49 - 7375*v**3. Let w be z(16). Calculate the greatest common factor of w and 9.
3
Let d(x) = -4*x**2 + 47*x + 17. Let i be d(12). Let j be (1 - 2) + i + 117 - -4. What is the greatest common divisor of j and 50?
25
Suppose 22 = 4*k + 4*f - 530, 0 = 7*k + 5*f - 956. What is the highest common divisor of k and 42?
7
Let n(t) = -19*t. Let o be n(-3). Suppose 228*a + 204*a - 279 = 153*a. What is the highest common factor of o and a?
1
Let i(l) = -35*l**3 - 3*l**2 - 9*l - 5. Let p be i(-2). Let r = 316 - p. What is the highest common divisor of r and 25?
5
Suppose -361 - 396 = -8*a - 613. Let x(v) = 30*v**2 - 2*v + 1. Let u be x(2). Calculate the highest common divisor of a and u.
9
Suppose -42957 = -72*l - 2637. What is the greatest common divisor of 304 and l?
16
Suppose -29*r - 57*r + 7020 = 31*r. Calculate the greatest common factor of r and 204.
12
Suppose 2*i = -6*c + 3*c + 54, -70 = -4*c - 3*i. Let r = 0 - -2. Let n(d) = 2*d**2 - 4*d + 2. Let w be n(r). What is the greatest common divisor of w and c?
2
Let w be 119/(-105) + 2 + 84/(-45). Let h(k) = -20*k**3 + 2*k**2 + 4*k + 3. Let t be h(w). What is the greatest common divisor of t and 35?
7
Let j = -2018 - -2054. What is the highest common factor of j and 3876?
12
Suppose 4*l = -49 + 185. Calculate the greatest common factor of 697 and l.
17
Let d be (15/2)/(30/80). Suppose -8*a + d = -4*a. Calculate the greatest common divisor of 125 and a.
5
Suppose -w = -7*w + 126. Let p be 51*(-2*w/(-18) + 0). Calculate the greatest common factor of 7 and p.
7
Let c be 3 + (-15)/5 - -2. Let d = 136 - 134. Let x(m) = m**2 - m + 1. Let k be x(d). Calculate the highest common divisor of k and c.
1
Suppose 0 = 6*s - 4*s + 4*k + 2, 2*k + 8 = 0. Calculate the greatest common factor of s and 7.
7
Let f(q) = 18*q - 13. Let d(l) = 19*l - 14. Let o(p) = -5*d(p) + 6*f(p). Let y be o(2). Calculate the highest common divisor of y and 78.
6
Let r = -10092 - -10487. Calculate the highest common factor of 2291 and r.
79
Let l be (136/12 - 2)*3. Suppose -5*o = -8*o + 4*v + 436, 0 = -o + 4*v + 156. Calculate the highest common divisor of o and l.
28
Let y(g) = -5*g + 78. Let h = 550 + -538. Let q be y(h). What is the highest common factor of 4 and q?
2
Let a = -36 - -15. Let y(c) = -4*c**2 - 89*c - 45. Let i be y(a). What is the greatest common divisor of 132 and i?
12
Suppose 53*i - 49*i - 73 = -5*a, -4*i + 91 = -a. Let r be ((-99)/22)/(2/(-44)). Let y be ((-2)/3)/((-6)/r). Calculate the highest common factor of y and i.
11
Let p(z) = -10*z - 156. Let c be p(-49). What is the highest common divisor of c and 3841?
167
Let a(v) = -v**2 - 16*v - 8. Let z be a(-15). What is the highest common divisor of 1953 and z?
7
Let h = -9507 + 12083. What is the greatest common divisor of h and 784?
112
Let r = 17060 - 2108. What is the highest common factor of r and 168?
168
Suppose 0 = 2*f + 3*w - 73, -2*f + 4*w = -5*f + 109. Let s(a) = -a**3 + 39*a**2 - 135*a - 19. Let g be s(f). Calculate the greatest common factor of g and 8.
4
Let x = -10883 - -20601. What is the highest common factor of x and 86?
86
Let g(s) = s**3 + 11*s**2 + 6*s - 8. Let m(a) = a**3 + 22*a**2 - 22*a + 15. Let k be m(-23). Let i be g(k). Calculate the highest common factor of i and 68.
68
Let z be ((-18)/5)/(15/(-25)). Let l be 839/z - ((-10)/(-12))/(-5). Calculate the greatest common divisor of 28 and l.
28
Let f be 144 - 0/(-33 + 12). What is the greatest common divisor of 336 and f?
48
Let d = 24195 + -24060. Calculate the greatest common divisor of 400 and d.
5
Let g(h) = -568*h**3 - 22*h**2 - 14*h. Let u be g(-3). What is the greatest common divisor of u and 440?
220
Let g = 22180 + -21116. What is the greatest common factor of g and 2527?
133
Suppose 11619 - 1891 = -16*h. Let g = 622 + h. What is the highest common factor of 588 and g?
14
Suppose 0 = -2*c - 10, -m - c + 3 = 4. Suppose -3 = b - 8. Let f be b/15*-88*3/(-2). Calculate the greatest common divisor of f and m.
4
Let u(m) = -13*m + 460. Let j be u(8). What is the greatest common divisor of j and 1691?
89
Let r be (3*-3)/(-3) - (-13560)/(-12). Let v be 5/(-7*7/r). What is the highest common factor of v and 69?
23
Suppose -13728 + 65894 = 38*x - 35690. Calculate the highest common factor of x and 544.
136
Suppose -24*t - 18*t = 26208. Let g be (-16128)/t + 2/13. What is the highest common factor of 52 and g?
26
Let p be -4 + (0 - (-4 + 5)). Let b be 0 + (-74)/5 + 1/p. Let g be 12*(3 + b/(-9)). What is the greatest common factor of g and 7?
7
Let k be 858 - (-31)/(155/(-110)). Calculate the greatest common divisor of k and 1216.
76
Suppose 2*q - 1777*a - 3436 = -1774*a, 2*q = -5*a + 3436. What is the highest common divisor of 2 and q?
2
Suppose 0 = o + 2*o - 81. Suppose 3*b + 4*i + 338 - 391 = 0, 0 = b - 2*i - 41. What is the greatest common divisor of b and o?
27
Suppose -4*z + 170 = -262. Suppose -2*s - 540 = -4*k + 3*s, 0 = -3*k - 3*s + 405. Calculate the greatest common factor of k and z.
27
Suppose l = k + 2*l - 6, 4*k - 5*l + 12 = 0. Suppose -k*b = -7*b + 1100. What is the highest common factor of 55 and b?
55
Let a be -2 + (-5982)/(-5) + -6 - 6/15. Calculate the greatest common factor of a and 144.
36
Suppose 2361 - 12072 = -13*s. Let x = -452 + s. What is the greatest common factor of 59 and x?
59
Let d(f) = f + 8. Let j = -136 + 82. Let n = 48 + j. Let z be d(n). What is the greatest common factor of 16 and z?
2
Let b = 2075 + -995. What is the greatest common divisor of b and 15?
15
Let v be 726/(-4)*(-2 + (-736)/48). Calculate the greatest common factor of 78 and v.
26
Let p = -15547 + 15628. Calculate the highest common factor of 51 and p.
3
Let g be 5*(4/(-22))/((-20)/220). Calculate the greatest common factor of 710 and g.
10
Let b(q) = -7*q + 30. Let c be b(4). Suppose 0 = -c*z + 151 + 101. Calculate the greatest common factor of z and 14.
14
Suppose 6*r = 2*w - 182, -22*w + 3*r = -20*w - 170. Let p = -270 - -414. Let b = p - w. What is the greatest common divisor of b and 52?
13
Let s = 16094 + -15674. What is the highest common divisor of s and 700?
140
Suppose 1158*m - 1395 = 1157*m. What is the highest common divisor of m and 1240?
155
Let h be -1 + 21/27 - (11 + (-3100)/180). Calculate the greatest common factor of h and 142.
2
Suppose 8*j = 9*j - 4. Let w(y) = -y**3 + 4*y**2. Let n be w(j). Let q(f) = -f**2 - f + 22. Let l be q(n). Calculate the highest common factor of 2 and l.
2
Let r(o) = -11*o**2 - 604 - 2*o + 5*o + 271 + 306 - o**3. Suppose 2*a = 3*a + 12. Let i be r(a). What is the greatest common divisor of i and 27?
27
Suppose -4*b + b + 345 = 3*p, -5*p = -2*b - 575. Let k be (-5)/3 + (-518)/(-21). Calculate the greatest common factor of p and k.
23
Let c(y) = -y**2 + 10 - 2 - y - 6*y. Let n be c(-6). Suppose d - 99 = -g, 3*d + 4*g - 27 = 271. What is the highest common factor of n and d?
14
Let k be (-201839)/(-55) - 5/(-25). Suppose 40*x + k = 5*u + 35*x, -3 = -3*x. Calculate the highest common divisor of 105 and u.
105
Let j be (-14 + -7 + 11)*(-58)/2. What is the highest common factor of 116 and j?
58
Let q(w) = w**3 + 40*w**2 - 80*w + 215. Let j be q(-42). What is the highest common divisor of 3901 and j?
47
Let h(d) = 18*d**2 - 313*d - 186. Let u be h(19). What is the greatest common factor of 1679 and u?
73
Let s = 4491 + -3651. What is the highest common factor of s and 504?
168
Suppose 3*v + 6 = 0, 25*w - 28*w + 92 = -4*v. Calculate the greatest common factor of w and 217.
7
Suppose 939 = 3*v - 3651. Let x(r) = -4*r**3 + 903*r**2 - 678*r + 709. Let j be x(225). Calculate the highest common factor of v and j.
34
Let o be (-456)/(-95)*(-20)/(-6). Let l = o - 6. Suppose n + 2*n = -f - 4, -5*n - l = 0. What is the greatest common factor of 10 and f?
2
Let l be (1*-497)/(120 + -121).